{"id":34762,"date":"2022-02-21T13:01:40","date_gmt":"2022-02-21T11:01:40","guid":{"rendered":"https:\/\/www.nortecsport.com\/it\/?page_id=34762"},"modified":"2022-02-21T17:18:20","modified_gmt":"2022-02-21T15:18:20","slug":"34762-2","status":"publish","type":"page","link":"https:\/\/www.nortecsport.com\/it\/34762-2\/","title":{"rendered":"Aprica Baradello Vertical Light Trail"},"content":{"rendered":"<p>[et_pb_section fb_built=&#8221;1&#8243; _builder_version=&#8221;4.11.1&#8243; _module_preset=&#8221;default&#8221; global_colors_info=&#8221;{}&#8221;][et_pb_row _builder_version=&#8221;4.11.1&#8243; _module_preset=&#8221;default&#8221; global_colors_info=&#8221;{}&#8221;][et_pb_column type=&#8221;4_4&#8243; _builder_version=&#8221;4.11.1&#8243; _module_preset=&#8221;default&#8221; global_colors_info=&#8221;{}&#8221;][et_pb_text _builder_version=&#8221;4.11.1&#8243; _module_preset=&#8221;default&#8221; global_colors_info=&#8221;{}&#8221;]<\/p>\n<h1><span class=\"\">Susanna \u00a0Saapunki e Luca Del Pero concedono il bis<\/span><\/h1>\n<h3><span><span style=\"color: #33cccc;\">19.02. APRICA (SO)<\/span>\u00a0\u2013 Aprica Baradello Vertical Light Trail (5 KM \/ 800M D+)<\/span><\/h3>\n<p><span><\/span><\/p>\n<p>Baradello Vertical Light Trail prima edizione nel segno di Luca Del Pero e Susanna Saapunki. A sette giorni dal successo alla Teglio Sunset Winter Run, tappa inaugurale Nortec Winter Trail Running Cup, i due atleti del Team Scarpa hanno concesso il bis sulle nevi del comprensorio sciistico Aprica \u2013 Corteno Golgi.<\/p>\n<p>Un centinaio i runner al via della gara only up disegnata sulla pista illuminata pi\u00f9 lunga d\u2019Europa, con partenza della seggiovia del Baradello a quota 1160 m e arrivo presso lo Chalet dal Brusca a quota 1980 m dopo avere superato 5 Km (800m D+).<\/p>\n<p>[\/et_pb_text][et_pb_image src=&#8221;https:\/\/www.nortecsport.com\/it\/wp-content\/uploads\/2022\/02\/Baradello_Nortec_Winter_running_GM-22-00756.jpg&#8221; title_text=&#8221;Baradello_Nortec_Winter_running_GM-22-00756&#8243; _builder_version=&#8221;4.11.1&#8243; _module_preset=&#8221;default&#8221; global_colors_info=&#8221;{}&#8221;][\/et_pb_image][et_pb_text _builder_version=&#8221;4.11.1&#8243; _module_preset=&#8221;default&#8221; global_colors_info=&#8221;{}&#8221;]<\/p>\n<h1><\/h1>\n<p>Pronti, via e a dettare il passo ai rispettivi avversari si sono messi il lecchese Sergio Bonaldi e il friulano Claudio Muller. Il ritmo sostenuto impresso dai due fuggitivi ha sgranato il gruppo di testa e messo in parziale difficolt\u00e0 il lecchese, campione del mondo di specialit\u00e0, Luca Del Pero. Quest\u2019ultimo, progressivamente, ha cucito il gap e si \u00e8 portato al comando. Muller si \u00e8 messo sulla sua scia e non l\u2019ha mollato sino alla fine. Sotto lo striscione d\u2019arrivo Del Pero ha trionfato in 34\u201907\u201d. Seconda piazza per Muller (34\u201916\u201d), mentre terzo \u00e8 giunto l\u2019altro lecchese Daniel Antonioli (35\u201904\u201d). Completano la top ten di giornata Lorenzo Rota Martin, Giovanni Zamboni, Sergio Bonaldi, Emanuel Manzi, Damiano Pedretti, Luca Malgarida e Luca Lafranconi.<\/p>\n<p>Al femminile, tutte dietro alla fondista finlandese Susanna Saapunki. Per lei finish time di 38\u201944\u201d. Sul podio sono salite anche la campionessa di skyrunning Elisa Desco (39\u201945\u201d) e la promettente atleta veneta Martina Cumerlato (41\u201924\u201d). Molto bene anche Corinna Ghirardi 4\u00aa e Raffaella Rossi 5\u00aa.\u00a0<\/p>\n<p>[\/et_pb_text][et_pb_image src=&#8221;https:\/\/www.nortecsport.com\/it\/wp-content\/uploads\/2022\/02\/Baradello_Nortec_Winter_running_GM-22-00935.jpg&#8221; title_text=&#8221;Baradello_Nortec_Winter_running_GM-22-00935&#8243; _builder_version=&#8221;4.11.1&#8243; _module_preset=&#8221;default&#8221; global_colors_info=&#8221;{}&#8221;][\/et_pb_image][et_pb_text _builder_version=&#8221;4.11.1&#8243; _module_preset=&#8221;default&#8221; global_colors_info=&#8221;{}&#8221;]<\/p>\n<h1><\/h1>\n<p>Dietro le quinte, buona la prima e tanta voglia di crescere: \u00abI numeri fatti registrare sono in linea con le nostre aspettative, ma mai ci saremmo aspettati di vedere al via cos\u00ec tanti campioni \u2013 hanno commentato nel post race i ragazzi del comitato organizzatore -. A livello logistico, essendo una prima assoluta, non tutto \u00e8 filato liscio come avremmo voluto, ma abbiamo preso nota e faremo di tutto per migliorare. La volont\u00e0 \u00e8 che questa sia solo la prima edizione di una lunga serie. Aprica ha l\u2019ambizione di diventare un punto di riferimento per gli sport outdoor e non solo dello sci alpino\u00bb.<\/p>\n<p>Archiviata anche questa seconda tappa, next stop per il circuito Nortec Winter Trail Running Cup sar\u00e0 sabato prossimo sul tracciato lecchese di Pian dei Resinelli.<\/p>\n<p>&nbsp;<\/p>\n<h3>LE ALTRE TAPPE 2022<\/h3>\n<p>26 febbraio Pian dei Resinelli (Lc), Snow Run Resinelli (14 Km \/ 650 md+)<br \/>5 marzo Misurina (Bl), Misurina Winter Run (17 Km \/ 800 m d+)<br \/>19 marzo Tarvisio (Ud), Tarvisio Winter Trail (15 Km \/ 780 md+)<\/p>\n<p>&nbsp;<\/p>\n<p>Ufficio stampa: Maurizio Torri | Sportdimontagna<br \/>Foto: <a href=\"https:\/\/www.facebook.com\/G.Meneghello.Photographer\" target=\"_blank\" rel=\"noopener\">Giacomo Meneghello<\/a><br \/>Classifiche: <a href=\"https:\/\/www.sportdimontagna.com\/download\/trail-6\" target=\"_blank\" rel=\"noopener\">Sportdimontagna.com<\/a><\/p>\n<p>[\/et_pb_text][\/et_pb_column][\/et_pb_row][et_pb_row _builder_version=&#8221;4.11.1&#8243; _module_preset=&#8221;default&#8221; global_colors_info=&#8221;{}&#8221;][et_pb_column type=&#8221;4_4&#8243; _builder_version=&#8221;4.11.1&#8243; _module_preset=&#8221;default&#8221; global_colors_info=&#8221;{}&#8221;][et_pb_gallery gallery_ids=&#8221;34764,34765,34766,34767,34768,34769,34770,34771,34772,34773,34774,34775,34776,34777,34778,34779,34780,34781,34782,34783,34784,34785,34786,34787,34788,34789,34790,34791,34792,34793,34794,34795,34796,34797,34798,34799,34800,34801,34802,34803,34804,34805,34806,34807,34808,34809,34810,34811,34812,34813,34814,34815,34816,34817,34818,34819,34820,34821,34822,34823,34824,34825,34826,34827,34828,34829,34830,34831,34832,34833,34834,34835,34836,34837,34838,34839,34840,34841,34842,34843,34844,34845,34846,34847,34848,34849,34850,34851,34852,34853,34854,34855,34856,34857,34858,34859,34860,34861,34862,34863,34864,34865,34866,34867,34868,34869,34870,34871,34872,34873,34874,34875,34876,34877,34878,34879,34880,34881,34882,34883,34884,34885,34886,34887,34888,34889,34890,34891,34892,34893,34894,34895,34896,34897,34898,34899,34900,34901,34902,34903,34904,34905,34906,34907,34908,34909,34910,34911,34912,34913,34914,34915,34916,34917,34918,34919,34920,34921,34922,34923,34924,34925,34926,34927,34928,34929,34930,34931&#8243; posts_number=&#8221;500&#8243; show_title_and_caption=&#8221;off&#8221; show_pagination=&#8221;off&#8221; _builder_version=&#8221;4.11.1&#8243; _module_preset=&#8221;default&#8221; global_colors_info=&#8221;{}&#8221;][\/et_pb_gallery][\/et_pb_column][\/et_pb_row][\/et_pb_section]<\/p>\n","protected":false},"excerpt":{"rendered":"<p>Susanna  Saapunki e Luca Del Pero concedono il bis<br \/>\n19.02. APRICA (SO) \u2013 Aprica Baradello Vertical Light Trail (5 KM \/ 800M D+)<\/p>\n","protected":false},"author":4,"featured_media":34777,"parent":0,"menu_order":0,"comment_status":"closed","ping_status":"closed","template":"","meta":{"_et_pb_use_builder":"on","_et_pb_old_content":"","_et_gb_content_width":"","inline_featured_image":false},"acf":[],"_links":{"self":[{"href":"https:\/\/www.nortecsport.com\/it\/wp-json\/wp\/v2\/pages\/34762"}],"collection":[{"href":"https:\/\/www.nortecsport.com\/it\/wp-json\/wp\/v2\/pages"}],"about":[{"href":"https:\/\/www.nortecsport.com\/it\/wp-json\/wp\/v2\/types\/page"}],"author":[{"embeddable":true,"href":"https:\/\/www.nortecsport.com\/it\/wp-json\/wp\/v2\/users\/4"}],"replies":[{"embeddable":true,"href":"https:\/\/www.nortecsport.com\/it\/wp-json\/wp\/v2\/comments?post=34762"}],"version-history":[{"count":7,"href":"https:\/\/www.nortecsport.com\/it\/wp-json\/wp\/v2\/pages\/34762\/revisions"}],"predecessor-version":[{"id":34976,"href":"https:\/\/www.nortecsport.com\/it\/wp-json\/wp\/v2\/pages\/34762\/revisions\/34976"}],"wp:featuredmedia":[{"embeddable":true,"href":"https:\/\/www.nortecsport.com\/it\/wp-json\/wp\/v2\/media\/34777"}],"wp:attachment":[{"href":"https:\/\/www.nortecsport.com\/it\/wp-json\/wp\/v2\/media?parent=34762"}],"curies":[{"name":"wp","href":"https:\/\/api.w.org\/{rel}","templated":true}]}}

<p>[et_pb_section fb_built=&#8221;1&#8243; _builder_version=&#8221;4.11.1&#8243; _module_preset=&#8221;default&#8221; global_colors_info=&#8221;{}&#8221;][et_pb_row _builder_version=&#8221;4.11.1&#8243; _module_preset=&#8221;default&#8221; global_colors_info=&#8221;{}&#8221;][et_pb_column type=&#8221;4_4&#8243; _builder_version=&#8221;4.11.1&#8243; _module_preset=&#8221;default&#8221; global_colors_info=&#8221;{}&#8221;][et_pb_text _builder_version=&#8221;4.11.1&#8243; _module_preset=&#8221;default&#8221; global_colors_info=&#8221;{}&#8221;]</p>
<h1><span class="">Susanna  Saapunki e Luca Del Pero concedono il bis</span></h1>
<h3><span><span style="color: #33cccc;">19.02. APRICA (SO)</span> – Aprica Baradello Vertical Light Trail (5 KM / 800M D+)</span></h3>
<p><span></span></p>
<p>Baradello Vertical Light Trail prima edizione nel segno di Luca Del Pero e Susanna Saapunki. A sette giorni dal successo alla Teglio Sunset Winter Run, tappa inaugurale Nortec Winter Trail Running Cup, i due atleti del Team Scarpa hanno concesso il bis sulle nevi del comprensorio sciistico Aprica – Corteno Golgi.</p>
<p>Un centinaio i runner al via della gara only up disegnata sulla pista illuminata più lunga d’Europa, con partenza della seggiovia del Baradello a quota 1160 m e arrivo presso lo Chalet dal Brusca a quota 1980 m dopo avere superato 5 Km (800m D+).</p>
<p>[/et_pb_text][et_pb_image src=&#8221;https://www.nortecsport.com/it/wp-content/uploads/2022/02/Baradello_Nortec_Winter_running_GM-22-00756.jpg&#8221; title_text=&#8221;Baradello_Nortec_Winter_running_GM-22-00756&#8243; _builder_version=&#8221;4.11.1&#8243; _module_preset=&#8221;default&#8221; global_colors_info=&#8221;{}&#8221;][/et_pb_image][et_pb_text _builder_version=&#8221;4.11.1&#8243; _module_preset=&#8221;default&#8221; global_colors_info=&#8221;{}&#8221;]</p>
<h1></h1>
<p>Pronti, via e a dettare il passo ai rispettivi avversari si sono messi il lecchese Sergio Bonaldi e il friulano Claudio Muller. Il ritmo sostenuto impresso dai due fuggitivi ha sgranato il gruppo di testa e messo in parziale difficoltà il lecchese, campione del mondo di specialità, Luca Del Pero. Quest’ultimo, progressivamente, ha cucito il gap e si è portato al comando. Muller si è messo sulla sua scia e non l’ha mollato sino alla fine. Sotto lo striscione d’arrivo Del Pero ha trionfato in 34’07”. Seconda piazza per Muller (34’16”), mentre terzo è giunto l’altro lecchese Daniel Antonioli (35’04”). Completano la top ten di giornata Lorenzo Rota Martin, Giovanni Zamboni, Sergio Bonaldi, Emanuel Manzi, Damiano Pedretti, Luca Malgarida e Luca Lafranconi.</p>
<p>Al femminile, tutte dietro alla fondista finlandese Susanna Saapunki. Per lei finish time di 38’44”. Sul podio sono salite anche la campionessa di skyrunning Elisa Desco (39’45”) e la promettente atleta veneta Martina Cumerlato (41’24”). Molto bene anche Corinna Ghirardi 4ª e Raffaella Rossi 5ª. </p>
<p>[/et_pb_text][et_pb_image src=&#8221;https://www.nortecsport.com/it/wp-content/uploads/2022/02/Baradello_Nortec_Winter_running_GM-22-00935.jpg&#8221; title_text=&#8221;Baradello_Nortec_Winter_running_GM-22-00935&#8243; _builder_version=&#8221;4.11.1&#8243; _module_preset=&#8221;default&#8221; global_colors_info=&#8221;{}&#8221;][/et_pb_image][et_pb_text _builder_version=&#8221;4.11.1&#8243; _module_preset=&#8221;default&#8221; global_colors_info=&#8221;{}&#8221;]</p>
<h1></h1>
<p>Dietro le quinte, buona la prima e tanta voglia di crescere: «I numeri fatti registrare sono in linea con le nostre aspettative, ma mai ci saremmo aspettati di vedere al via così tanti campioni – hanno commentato nel post race i ragazzi del comitato organizzatore -. A livello logistico, essendo una prima assoluta, non tutto è filato liscio come avremmo voluto, ma abbiamo preso nota e faremo di tutto per migliorare. La volontà è che questa sia solo la prima edizione di una lunga serie. Aprica ha l’ambizione di diventare un punto di riferimento per gli sport outdoor e non solo dello sci alpino».</p>
<p>Archiviata anche questa seconda tappa, next stop per il circuito Nortec Winter Trail Running Cup sarà sabato prossimo sul tracciato lecchese di Pian dei Resinelli.</p>
<p>&nbsp;</p>
<h3>LE ALTRE TAPPE 2022</h3>
<p>26 febbraio Pian dei Resinelli (Lc), Snow Run Resinelli (14 Km / 650 md+)<br />5 marzo Misurina (Bl), Misurina Winter Run (17 Km / 800 m d+)<br />19 marzo Tarvisio (Ud), Tarvisio Winter Trail (15 Km / 780 md+)</p>
<p>&nbsp;</p>
<p>Ufficio stampa: Maurizio Torri | Sportdimontagna<br />Foto: <a href="https://www.facebook.com/G.Meneghello.Photographer" target="_blank" rel="noopener">Giacomo Meneghello</a><br />Classifiche: <a href="https://www.sportdimontagna.com/download/trail-6" target="_blank" rel="noopener">Sportdimontagna.com</a></p>
<p>[/et_pb_text][/et_pb_column][/et_pb_row][et_pb_row _builder_version=&#8221;4.11.1&#8243; _module_preset=&#8221;default&#8221; global_colors_info=&#8221;{}&#8221;][et_pb_column type=&#8221;4_4&#8243; _builder_version=&#8221;4.11.1&#8243; _module_preset=&#8221;default&#8221; global_colors_info=&#8221;{}&#8221;][et_pb_gallery gallery_ids=&#8221;34764,34765,34766,34767,34768,34769,34770,34771,34772,34773,34774,34775,34776,34777,34778,34779,34780,34781,34782,34783,34784,34785,34786,34787,34788,34789,34790,34791,34792,34793,34794,34795,34796,34797,34798,34799,34800,34801,34802,34803,34804,34805,34806,34807,34808,34809,34810,34811,34812,34813,34814,34815,34816,34817,34818,34819,34820,34821,34822,34823,34824,34825,34826,34827,34828,34829,34830,34831,34832,34833,34834,34835,34836,34837,34838,34839,34840,34841,34842,34843,34844,34845,34846,34847,34848,34849,34850,34851,34852,34853,34854,34855,34856,34857,34858,34859,34860,34861,34862,34863,34864,34865,34866,34867,34868,34869,34870,34871,34872,34873,34874,34875,34876,34877,34878,34879,34880,34881,34882,34883,34884,34885,34886,34887,34888,34889,34890,34891,34892,34893,34894,34895,34896,34897,34898,34899,34900,34901,34902,34903,34904,34905,34906,34907,34908,34909,34910,34911,34912,34913,34914,34915,34916,34917,34918,34919,34920,34921,34922,34923,34924,34925,34926,34927,34928,34929,34930,34931&#8243; posts_number=&#8221;500&#8243; show_title_and_caption=&#8221;off&#8221; show_pagination=&#8221;off&#8221; _builder_version=&#8221;4.11.1&#8243; _module_preset=&#8221;default&#8221; global_colors_info=&#8221;{}&#8221;][/et_pb_gallery][/et_pb_column][/et_pb_row][/et_pb_section]</p>
