{"id":51973,"date":"2026-03-16T09:32:12","date_gmt":"2026-03-16T07:32:12","guid":{"rendered":"https:\/\/www.nortecsport.com\/it\/?page_id=51973"},"modified":"2026-03-16T10:15:09","modified_gmt":"2026-03-16T08:15:09","slug":"vertical-monte-lussari-2026","status":"publish","type":"page","link":"https:\/\/www.nortecsport.com\/it\/vertical-monte-lussari-2026\/","title":{"rendered":"Vertical Monte Lussari 2026"},"content":{"rendered":"<p>[et_pb_section fb_built=&#8221;1&#8243; _builder_version=&#8221;4.16&#8243; _module_preset=&#8221;default&#8221; global_colors_info=&#8221;{}&#8221;][et_pb_row _builder_version=&#8221;4.16&#8243; _module_preset=&#8221;default&#8221; global_colors_info=&#8221;{}&#8221;][et_pb_column type=&#8221;4_4&#8243; _builder_version=&#8221;4.16&#8243; _module_preset=&#8221;default&#8221; global_colors_info=&#8221;{}&#8221;][et_pb_text _builder_version=&#8221;4.18.0&#8243; _module_preset=&#8221;default&#8221; global_colors_info=&#8221;{}&#8221;]<\/p>\n<h1><span lang=\"EN-US\"><\/span><\/h1>\n<h1><span lang=\"EN-US\">NORTEC SKYSNOW RUNNING CUP<\/span><\/h1>\n<h2>Vertical Monte Lussari, 13.03.2026<\/h2>\n<div class=\"foto\">\n<div class=\"didascaliafoto article_detail\">\n<div class=\"field field-name-field-subtitle field-type-text field-label-above\">\n<div class=\"field-items\">\n<div class=\"field-item even\"><span><strong>Alex Rigo e Corinna Ghirardi Campioni Italiani Vertical \u00a0di Skysnow<\/strong><\/span><\/div>\n<\/div>\n<\/div>\n<\/div>\n<\/div>\n<div id=\"share\">\n<div class=\"share__buttons\">\n<div class=\"share__social-btn-1 share__social-btn\"><\/div>\n<\/div>\n<\/div>\n<p><span><img src=\"https:\/\/www.nortecsport.com\/it\/wp-content\/uploads\/2026\/01\/Logo-SSRC-black-300x171.png\" width=\"300\" height=\"171\" alt=\"\" class=\"wp-image-51219 alignnone size-medium\" \/><\/span><\/p>\n<div class=\"field field-name-field-short field-type-text-long field-label-hidden\">\n<div class=\"field-items\">\n<div class=\"field-item even\">\n<p>Da due anni a questa parte \u00e8 la ripida salita che conduce all&#8217;omonima vetta ad aprire il doppio appuntamento di Tarvisio che chiude ufficialmente il circuito Nortec Skysnow Running Cup.<\/p>\n<\/div>\n<\/div>\n<\/div>\n<div class=\"field field-name-body field-type-text-with-summary field-label-hidden\">\n<div class=\"field-items\">\n<div class=\"field-item even\" property=\"content:encoded\"><\/div>\n<\/div>\n<\/div>\n<p>[\/et_pb_text][et_pb_image src=&#8221;https:\/\/www.nortecsport.com\/it\/wp-content\/uploads\/2026\/03\/Vertical_Lussari_GM-26-03987.jpg&#8221; title_text=&#8221;Vertical_Lussari_GM-26-03987&#8243; _builder_version=&#8221;4.18.0&#8243; _module_preset=&#8221;default&#8221; global_colors_info=&#8221;{}&#8221;][\/et_pb_image][et_pb_text _builder_version=&#8221;4.18.0&#8243; _module_preset=&#8221;default&#8221; global_colors_info=&#8221;{}&#8221;]<\/p>\n<p>Sulla salita da 3.6 km e 974 metri di dislivello, resa ancora pi\u00f9 dura dal fondo nevoso particolarmente morbido e dove le pendenze raggiungono persino il 46%, a vincere \u00e8 stato l&#8217;austriaco Cristian Hoffmann (Fischer Sport), che sul tratto finale ha ingranato la marcia lasciandosi alle spalle lo sloveno Luka Kovacic (Dynafit-Redbull), con cui ha battagliato per tutta la gara. \u00c8 lui dunque il nuovo re del Verticale Lussari con il crono finale di 35\u201943\u201d, seguito appunto da Kovacik (36\u201903\u201d) e il neo campione italiano vertical Fisky Skysnow Alex Rigo (Maddalene SkyTeam) in 36\u201940\u201d. Top five di giornata, ma che vale il podio tricolore, per Daniel Antonioli (Team Pasturo\/Scarpa &#8211; 38\u201954\u201d) e Nicola Pais Bianco (Cadini Promotion &#8211; 39\u201923\u201d).<\/p>\n<p>[\/et_pb_text][et_pb_image src=&#8221;https:\/\/www.nortecsport.com\/it\/wp-content\/uploads\/2026\/03\/Vertical_Lussari_GM-26-05409.jpg&#8221; title_text=&#8221;Vertical_Lussari_GM-26-05409&#8243; _builder_version=&#8221;4.18.0&#8243; _module_preset=&#8221;default&#8221; global_colors_info=&#8221;{}&#8221;][\/et_pb_image][et_pb_text _builder_version=&#8221;4.18.0&#8243; _module_preset=&#8221;default&#8221; global_colors_info=&#8221;{}&#8221;]<\/p>\n<p>Nella prova femminile una strabiliante Corinna Ghirardi dimostra di sentirsi perfettamente a suo agio quando le pendenze si fanno davvero insidiose. La camuna ha saputo fare gara d&#8217;attacco dall&#8217; inizio alla fine, lasciandosi alle spalle le azzurre Benedetti Broggi (Sport Project VCO &#8211; Fuga Mountain Club) e Anna Hofer (Team Scarpa) -quest&#8217;ultima dominatrice fino ad oggi di tutte le prove del circuito &#8211; e raggiungere la cima del Monte Lussari in solitaria. Per lei le lancette si sono fermate a 41\u201959\u201d, aggiudicandosi cos\u00ec il tricolore. Argento per Broggi in 43\u201915\u201d seguita dalla giovane Hofer in 43\u201942\u201d.<\/p>\n<p>[\/et_pb_text][et_pb_image src=&#8221;https:\/\/www.nortecsport.com\/it\/wp-content\/uploads\/2026\/03\/Vertical_Lussari_GM-26-05389.jpg&#8221; title_text=&#8221;Vertical_Lussari_GM-26-05389&#8243; _builder_version=&#8221;4.18.0&#8243; _module_preset=&#8221;default&#8221; global_colors_info=&#8221;{}&#8221;][\/et_pb_image][et_pb_image src=&#8221;https:\/\/www.nortecsport.com\/it\/wp-content\/uploads\/2026\/03\/Vertical_Lussari_GM-26-05419.jpg&#8221; title_text=&#8221;Vertical_Lussari_GM-26-05419&#8243; _builder_version=&#8221;4.18.0&#8243; _module_preset=&#8221;default&#8221; global_colors_info=&#8221;{}&#8221;][\/et_pb_image][et_pb_text _builder_version=&#8221;4.18.0&#8243; _module_preset=&#8221;default&#8221; global_colors_info=&#8221;{}&#8221;]<\/p>\n<p>&nbsp;<\/p>\n<p>Nelle prime cinque anche Andrea Schweigkofler (46\u201926\u201d) e Anna Lena Hofer (46\u201951\u201d).<br \/>Archiviata la prima delle due prove in programma nel weekend della Tarvisio Winter Trail, in cui si sono presentati ai nastri di partenza pi\u00f9 di 150 corridori, domani ci si sposter\u00e0 alle pendici del sontuoso Monte Mangart, dove andr\u00e0 in scena la prova \u201cclassic\u201d. In questo caso, saranno circa 15 i km da affrontare per 515 metri di dislivello.<\/p>\n<p>&nbsp;<\/p>\n<p><img src=\"https:\/\/www.nortecsport.com\/it\/wp-content\/uploads\/2025\/01\/FISky-Digital-Assets_color-300x117.jpg\" width=\"300\" height=\"117\" alt=\"\" class=\"wp-image-50315 alignnone size-medium\" \/><\/p>\n<p>&nbsp;<\/p>\n<p>Ufficio stampa: Maurizio Torri | Sportdimontagna<br \/>Foto: <a href=\"https:\/\/www.facebook.com\/G.Meneghello.Photographer\" target=\"_blank\" rel=\"noopener\">Giacomo Meneghello<\/a><br \/>Classifiche e foto:<a href=\"https:\/\/www.sportdimontagna.com\/trail\/nortec-skysnow-running-cup-2026\" target=\"_blank\" rel=\"noopener\"> Sportdimontagna.com<\/a><\/p>\n<p>&nbsp;<\/p>\n<p><a href=\"https:\/\/my.raceresult.com\/375331\/\">https:\/\/my.raceresult.com\/375331\/<\/a><\/p>\n<p>[\/et_pb_text][et_pb_video src=&#8221;https:\/\/youtu.be\/qt34wdamfNw&#8221; _builder_version=&#8221;4.18.0&#8243; _module_preset=&#8221;default&#8221; hover_enabled=&#8221;0&#8243; sticky_enabled=&#8221;0&#8243;][\/et_pb_video][\/et_pb_column][\/et_pb_row][et_pb_row _builder_version=&#8221;4.18.0&#8243; _module_preset=&#8221;default&#8221; global_colors_info=&#8221;{}&#8221;][et_pb_column type=&#8221;4_4&#8243; _builder_version=&#8221;4.18.0&#8243; _module_preset=&#8221;default&#8221; global_colors_info=&#8221;{}&#8221;][et_pb_gallery gallery_ids=&#8221;51983,51984,51985,51986,51987,51988,51989,51990,51991,51992,51993,51994,51995,51996,51997,51998,51999,52000,52001,52002,52003,52004,52005,52006,52007,52008,52009,52010,52011,52012,52013,52014,52015,52016,52017,52018,52019,52020,52021,52022,52023,52024,52026,52027,52028,52029,52030,52031,52032,52033,52034,52035,52036,52037,52038,52039,52040,52041,52042,52043,52044,52045,52046,52047,52048,52049,52050,52051,52052,52053,52054,52055,52056,52057,52058,52059,52060,52061,52062,52063,52064,52065,52066,52067,52068,52069,52070,52071,52072&#8243; posts_number=&#8221;100&#8243; show_title_and_caption=&#8221;off&#8221; show_pagination=&#8221;off&#8221; _builder_version=&#8221;4.18.0&#8243; _module_preset=&#8221;default&#8221; global_colors_info=&#8221;{}&#8221;][\/et_pb_gallery][\/et_pb_column][\/et_pb_row][\/et_pb_section]<\/p>\n","protected":false},"excerpt":{"rendered":"<p>NORTEC SKYSNOW RUNNING CUP<br \/>\nRota Martir &#038; Hofer Campioni Italiani a Teglio<\/p>\n","protected":false},"author":4,"featured_media":51889,"parent":0,"menu_order":0,"comment_status":"closed","ping_status":"closed","template":"","meta":{"_et_pb_use_builder":"on","_et_pb_old_content":"","_et_gb_content_width":"","inline_featured_image":false},"acf":[],"_links":{"self":[{"href":"https:\/\/www.nortecsport.com\/it\/wp-json\/wp\/v2\/pages\/51973"}],"collection":[{"href":"https:\/\/www.nortecsport.com\/it\/wp-json\/wp\/v2\/pages"}],"about":[{"href":"https:\/\/www.nortecsport.com\/it\/wp-json\/wp\/v2\/types\/page"}],"author":[{"embeddable":true,"href":"https:\/\/www.nortecsport.com\/it\/wp-json\/wp\/v2\/users\/4"}],"replies":[{"embeddable":true,"href":"https:\/\/www.nortecsport.com\/it\/wp-json\/wp\/v2\/comments?post=51973"}],"version-history":[{"count":4,"href":"https:\/\/www.nortecsport.com\/it\/wp-json\/wp\/v2\/pages\/51973\/revisions"}],"predecessor-version":[{"id":52074,"href":"https:\/\/www.nortecsport.com\/it\/wp-json\/wp\/v2\/pages\/51973\/revisions\/52074"}],"wp:featuredmedia":[{"embeddable":true,"href":"https:\/\/www.nortecsport.com\/it\/wp-json\/wp\/v2\/media\/51889"}],"wp:attachment":[{"href":"https:\/\/www.nortecsport.com\/it\/wp-json\/wp\/v2\/media?parent=51973"}],"curies":[{"name":"wp","href":"https:\/\/api.w.org\/{rel}","templated":true}]}}

<p>[et_pb_section fb_built=&#8221;1&#8243; _builder_version=&#8221;4.16&#8243; _module_preset=&#8221;default&#8221; global_colors_info=&#8221;{}&#8221;][et_pb_row _builder_version=&#8221;4.16&#8243; _module_preset=&#8221;default&#8221; global_colors_info=&#8221;{}&#8221;][et_pb_column type=&#8221;4_4&#8243; _builder_version=&#8221;4.16&#8243; _module_preset=&#8221;default&#8221; global_colors_info=&#8221;{}&#8221;][et_pb_text _builder_version=&#8221;4.18.0&#8243; _module_preset=&#8221;default&#8221; global_colors_info=&#8221;{}&#8221;]</p>
<h1><span lang="EN-US"></span></h1>
<h1><span lang="EN-US">NORTEC SKYSNOW RUNNING CUP</span></h1>
<h2>Vertical Monte Lussari, 13.03.2026</h2>
<div class="foto">
<div class="didascaliafoto article_detail">
<div class="field field-name-field-subtitle field-type-text field-label-above">
<div class="field-items">
<div class="field-item even"><span><strong>Alex Rigo e Corinna Ghirardi Campioni Italiani Vertical  di Skysnow</strong></span></div>
</div>
</div>
</div>
</div>
<div id="share">
<div class="share__buttons">
<div class="share__social-btn-1 share__social-btn"></div>
</div>
</div>
<p><span><img src="https://www.nortecsport.com/it/wp-content/uploads/2026/01/Logo-SSRC-black-300x171.png" width="300" height="171" alt="" class="wp-image-51219 alignnone size-medium" /></span></p>
<div class="field field-name-field-short field-type-text-long field-label-hidden">
<div class="field-items">
<div class="field-item even">
<p>Da due anni a questa parte è la ripida salita che conduce all&#8217;omonima vetta ad aprire il doppio appuntamento di Tarvisio che chiude ufficialmente il circuito Nortec Skysnow Running Cup.</p>
</div>
</div>
</div>
<div class="field field-name-body field-type-text-with-summary field-label-hidden">
<div class="field-items">
<div class="field-item even" property="content:encoded"></div>
</div>
</div>
<p>[/et_pb_text][et_pb_image src=&#8221;https://www.nortecsport.com/it/wp-content/uploads/2026/03/Vertical_Lussari_GM-26-03987.jpg&#8221; title_text=&#8221;Vertical_Lussari_GM-26-03987&#8243; _builder_version=&#8221;4.18.0&#8243; _module_preset=&#8221;default&#8221; global_colors_info=&#8221;{}&#8221;][/et_pb_image][et_pb_text _builder_version=&#8221;4.18.0&#8243; _module_preset=&#8221;default&#8221; global_colors_info=&#8221;{}&#8221;]</p>
<p>Sulla salita da 3.6 km e 974 metri di dislivello, resa ancora più dura dal fondo nevoso particolarmente morbido e dove le pendenze raggiungono persino il 46%, a vincere è stato l&#8217;austriaco Cristian Hoffmann (Fischer Sport), che sul tratto finale ha ingranato la marcia lasciandosi alle spalle lo sloveno Luka Kovacic (Dynafit-Redbull), con cui ha battagliato per tutta la gara. È lui dunque il nuovo re del Verticale Lussari con il crono finale di 35’43”, seguito appunto da Kovacik (36’03”) e il neo campione italiano vertical Fisky Skysnow Alex Rigo (Maddalene SkyTeam) in 36’40”. Top five di giornata, ma che vale il podio tricolore, per Daniel Antonioli (Team Pasturo/Scarpa &#8211; 38’54”) e Nicola Pais Bianco (Cadini Promotion &#8211; 39’23”).</p>
<p>[/et_pb_text][et_pb_image src=&#8221;https://www.nortecsport.com/it/wp-content/uploads/2026/03/Vertical_Lussari_GM-26-05409.jpg&#8221; title_text=&#8221;Vertical_Lussari_GM-26-05409&#8243; _builder_version=&#8221;4.18.0&#8243; _module_preset=&#8221;default&#8221; global_colors_info=&#8221;{}&#8221;][/et_pb_image][et_pb_text _builder_version=&#8221;4.18.0&#8243; _module_preset=&#8221;default&#8221; global_colors_info=&#8221;{}&#8221;]</p>
<p>Nella prova femminile una strabiliante Corinna Ghirardi dimostra di sentirsi perfettamente a suo agio quando le pendenze si fanno davvero insidiose. La camuna ha saputo fare gara d&#8217;attacco dall&#8217; inizio alla fine, lasciandosi alle spalle le azzurre Benedetti Broggi (Sport Project VCO &#8211; Fuga Mountain Club) e Anna Hofer (Team Scarpa) -quest&#8217;ultima dominatrice fino ad oggi di tutte le prove del circuito &#8211; e raggiungere la cima del Monte Lussari in solitaria. Per lei le lancette si sono fermate a 41’59”, aggiudicandosi così il tricolore. Argento per Broggi in 43’15” seguita dalla giovane Hofer in 43’42”.</p>
<p>[/et_pb_text][et_pb_image src=&#8221;https://www.nortecsport.com/it/wp-content/uploads/2026/03/Vertical_Lussari_GM-26-05389.jpg&#8221; title_text=&#8221;Vertical_Lussari_GM-26-05389&#8243; _builder_version=&#8221;4.18.0&#8243; _module_preset=&#8221;default&#8221; global_colors_info=&#8221;{}&#8221;][/et_pb_image][et_pb_image src=&#8221;https://www.nortecsport.com/it/wp-content/uploads/2026/03/Vertical_Lussari_GM-26-05419.jpg&#8221; title_text=&#8221;Vertical_Lussari_GM-26-05419&#8243; _builder_version=&#8221;4.18.0&#8243; _module_preset=&#8221;default&#8221; global_colors_info=&#8221;{}&#8221;][/et_pb_image][et_pb_text _builder_version=&#8221;4.18.0&#8243; _module_preset=&#8221;default&#8221; global_colors_info=&#8221;{}&#8221;]</p>
<p>&nbsp;</p>
<p>Nelle prime cinque anche Andrea Schweigkofler (46’26”) e Anna Lena Hofer (46’51”).<br />Archiviata la prima delle due prove in programma nel weekend della Tarvisio Winter Trail, in cui si sono presentati ai nastri di partenza più di 150 corridori, domani ci si sposterà alle pendici del sontuoso Monte Mangart, dove andrà in scena la prova “classic”. In questo caso, saranno circa 15 i km da affrontare per 515 metri di dislivello.</p>
<p>&nbsp;</p>
<p><img src="https://www.nortecsport.com/it/wp-content/uploads/2025/01/FISky-Digital-Assets_color-300x117.jpg" width="300" height="117" alt="" class="wp-image-50315 alignnone size-medium" /></p>
<p>&nbsp;</p>
<p>Ufficio stampa: Maurizio Torri | Sportdimontagna<br />Foto: <a href="https://www.facebook.com/G.Meneghello.Photographer" target="_blank" rel="noopener">Giacomo Meneghello</a><br />Classifiche e foto:<a href="https://www.sportdimontagna.com/trail/nortec-skysnow-running-cup-2026" target="_blank" rel="noopener"> Sportdimontagna.com</a></p>
<p>&nbsp;</p>
<p><a href="https://my.raceresult.com/375331/">https://my.raceresult.com/375331/</a></p>
<p>[/et_pb_text][et_pb_video src=&#8221;https://youtu.be/qt34wdamfNw&#8221; _builder_version=&#8221;4.18.0&#8243; _module_preset=&#8221;default&#8221; hover_enabled=&#8221;0&#8243; sticky_enabled=&#8221;0&#8243;][/et_pb_video][/et_pb_column][/et_pb_row][et_pb_row _builder_version=&#8221;4.18.0&#8243; _module_preset=&#8221;default&#8221; global_colors_info=&#8221;{}&#8221;][et_pb_column type=&#8221;4_4&#8243; _builder_version=&#8221;4.18.0&#8243; _module_preset=&#8221;default&#8221; global_colors_info=&#8221;{}&#8221;][et_pb_gallery gallery_ids=&#8221;51983,51984,51985,51986,51987,51988,51989,51990,51991,51992,51993,51994,51995,51996,51997,51998,51999,52000,52001,52002,52003,52004,52005,52006,52007,52008,52009,52010,52011,52012,52013,52014,52015,52016,52017,52018,52019,52020,52021,52022,52023,52024,52026,52027,52028,52029,52030,52031,52032,52033,52034,52035,52036,52037,52038,52039,52040,52041,52042,52043,52044,52045,52046,52047,52048,52049,52050,52051,52052,52053,52054,52055,52056,52057,52058,52059,52060,52061,52062,52063,52064,52065,52066,52067,52068,52069,52070,52071,52072&#8243; posts_number=&#8221;100&#8243; show_title_and_caption=&#8221;off&#8221; show_pagination=&#8221;off&#8221; _builder_version=&#8221;4.18.0&#8243; _module_preset=&#8221;default&#8221; global_colors_info=&#8221;{}&#8221;][/et_pb_gallery][/et_pb_column][/et_pb_row][/et_pb_section]</p>
